9*z**2 + 21*z + 24. What is c(-20)?
4
Let c(z) = 29*z + 107. What is c(-4)?
-9
Let m(y) = -y**2 - 11*y - 17. Calculate m(-9).
1
Let d(h) = -h**2 - 8*h + 12. Calculate d(-9).
3
Let i(m) = m**2 - 18*m + 16. Determine i(17).
-1
Let r(i) = -23*i - 84. What is r(-4)?
8
Let r(n) = n + 2. What is r(-11)?
-9
Let g(q) = -3*q**2. Determine g(-1).
-3
Let w(x) = -x**3 + 3*x**2 + 5*x + 3. Calculate w(4).
7
Let t(o) = -o - 17. What is t(-6)?
-11
Let c(z) = -12*z - 361. Give c(-28).
-25
Let z(a) = 2*a**2 + 9*a + 16. Give z(-2).
6
Let q(s) = 2*s**2 + 2*s + 6. Give q(0).
6
Let h(n) = n**2 - 16*n + 7. Calculate h(13).
-32
Let j(l) = 2*l**2 + 14*l + 10. Determine j(-6).
-2
Let a(q) = -23*q + 5. Give a(7).
-156
Let j(f) = -f**2 - 2*f + 15. Give j(3).
0
Let i(u) = -u**2 + 4*u - 6. Determine i(0).
-6
Let t(l) = 4*l - 5. What is t(-5)?
-25
Let o(p) = -66*p - 583. Give o(-9).
11
Let i(d) = 6*d**3 + d**2 + d. What is i(-1)?
-6
Let r(s) = -4*s + 31. Calculate r(5).
11
Let j(i) = -2*i + 23. Give j(0).
23
Let g(b) = 11*b - 1. Determine g(-1).
-12
Let n(d) = 16*d + 1. What is n(5)?
81
Let q(k) = k**2 + 9*k - 3. Calculate q(-12).
33
Let r(p) = -2*p - 4. Calculate r(-4).
4
Let u(h) = 8*h - 48. Calculate u(7).
8
Let q(s) = s**3 - 6*s**2 + 2*s - 4. Determine q(6).
8
Let q(u) = -11*u. Determine q(1).
-11
Let a(j) = -j + 1. What is a(-2)?
3
Let a(j) = j**3 + 4*j**2 - 4*j + 1. Give a(-5).
-4
Let v(n) = -2*n**2 - 57*n - 37. Give v(-28).
-9
Let b(w) = w**3 + 52*w**2 + 47*w - 199. What is b(-51)?
5
Let z(t) = -11*t**3 + t**2 - 4*t + 11. What is z(2)?
-81
Let l(n) = -n + 11. Give l(-14).
25
Let r(y) = y + 10. Calculate r(-9).
1
Let i(r) = -10*r + 14. Calculate i(0).
14
Let a(b) = -b**3 + 10*b**2 - 23*b - 7. Give a(6).
-1
Let l(j) = 2*j + 62. Determine l(-7).
48
Let c(l) = 14*l - 939. What is c(68)?
13
Let s(r) = -3*r + 6. Determine s(4).
-6
Let u(j) = 2*j**2 - 4*j + 1. Give u(3).
7
Let h(w) = -w**3 + 8*w**2 - 11. What is h(9)?
-92
Let p(f) = 2*f**2 - 5*f - 5. What is p(4)?
7
Let t(u) = -u**3 - 8*u**2 - 12*u + 2. Calculate t(-4).
-14
Let f(z) = 9*z + 289. Calculate f(-33).
-8
Let x(p) = p**3 + 7*p**2 - 3*p - 5. Give x(-7).
16
Let k(x) = x**3 + 10*x**2 - 9*x - 8. Calculate k(-11).
-30
Let u(v) = -38*v**2 + 151*v + 3. What is u(4)?
-1
Let o(a) = -11*a + 6. Calculate o(-4).
50
Let z(g) = -g**2 + 5*g - 7. What is z(7)?
-21
Let v(b) = -b + 10. Calculate v(-8).
18
Let j(c) = -c**2 - 21*c - 37. Calculate j(-20).
-17
Let g(s) = s - 14. Calculate g(20).
6
Let g(u) = 5*u**2 - 3*u + 3. Determine g(2).
17
Let z(p) = p**2. Give z(4).
16
Let r(i) = -i**2 + 20*i - 111. Determine r(5).
-36
Let o(v) = 10*v - 5. Determine o(1).
5
Let o(l) = l**3 - 5*l**2 + 3*l - 1. Calculate o(2).
-7
Let b(d) = -d**3 - 8*d**2 - 6*d + 14. Calculate b(-6).
-22
Let z(k) = k**3 - 8*k**2 - 4*k + 24. Calculate z(8).
-8
Let s(u) = 28*u - 39. Calculate s(3).
45
Let w(o) = o**2 + 6*o - 14. Give w(-7).
-7
Let a(p) = 14*p**3 + 2*p - 2. Determine a(1).
14
Let k(i) = i**3 - i**2 + 3*i - 2. Give k(2).
8
Let c(q) = q**3 + 9*q**2 - 9*q + 3. Calculate c(-10).
-7
Let w(m) = 42*m - 166. What is w(4)?
2
Let g(a) = -3*a. Give g(0).
0
Let o(r) = -r**2 + 4*r + 40. Calculate o(-5).
-5
Let i(m) = -2*m - 14. Calculate i(-11).
8
Let d(y) = -y**2 - 11*y - 27. Give d(-8).
-3
Let o(a) = 4*a**2 - 6*a. Determine o(2).
4
Let r(s) = 3*s + 26. Determine r(-11).
-7
Let z(r) = -r**2 + 55*r + 981. What is z(-14)?
15
Let r(h) = -5*h - 45. What is r(-12)?
15
Let t(j) = 6*j + 36. Determine t(-6).
0
Let q(d) = -2*d**2 - 56*d - 292. Give q(-21).
2
Let a(w) = -w**3 + w**2 + 2*w + 3. What is a(0)?
3
Let v(c) = -c**3 - 12*c**2 + 2*c + 28. What is v(-12)?
4
Let g(m) = m**2 - 13*m - 36. Determine g(15).
-6
Let y(z) = 3*z**2 - 4*z - 5. Calculate y(0).
-5
Let q(i) = -i**3 + 6*i**2 - 4*i - 2. What is q(4)?
14
Let n(l) = l**3 - 9*l**2 - 9*l - 3. Determine n(10).
7
Let x(i) = -i - 8. Calculate x(-3).
-5
Let w(c) = c**3 - 16*c**2 - 56*c - 10. Give w(19).
9
Let k(w) = w**3 + 24*w**2 - 25*w - 27. Calculate k(-25).
-27
Let k(l) = -l**3 + 8*l**2 + 8*l - 15. What is k(7)?
90
Let p(k) = k**3 + 14*k**2 - 11*k + 54. Calculate p(-15).
-6
Let q(v) = -v**2 + 24*v - 37. Calculate q(22).
7
Let z(a) = -2*a**2 - 4*a - 1. Determine z(-2).
-1
Let l(d) = d + 2. Calculate l(4).
6
Let z(j) = -14*j**3 - 2*j**2 + 4*j - 2. Calculate z(2).
-114
Let k(i) = i**3 - 8*i**2 + 6*i + 2. What is k(7)?
-5
Let c(r) = r**3 + 13*r**2 - 16*r - 19. Determine c(-14).
9
Let g(s) = -6*s**2 - 15*s + 9. Give g(-7).
-180
Let b(r) = r**3 + 11*r**2 - 41*r + 19. Give b(-14).
5
Let v(m) = -40*m + 7. Give v(-2).
87
Let c(r) = r**3 + 5*r**2 + 3*r - 3. Give c(-5).
-18
Let l(k) = k**2 + 11*k + 3. What is l(-7)?
-25
Let z(w) = -w**2 + 11*w - 6. Calculate z(10).
4
Let g(w) = 12*w - 14. Determine g(-11).
-146
Let l(x) = -x**2 + 6*x + 31. Determine l(-4).
-9
Let n(r) = -7*r**3 + r**2 + 7*r + 6. Determine n(-2).
52
Let v(j) = -27*j + 534. Calculate v(20).
-6
Let q(v) = v**3 + 8*v**2 - 4*v - 13. What is q(-8)?
19
Let l(y) = -y**3 - 14*y**2 + 16*y + 20. Determine l(-15).
5
Let h(w) = -7*w - 42. Give h(-7).
7
Let k(l) = 13*l - 42. Calculate k(5).
23
Let u(p) = -3*p - 11. What is u(6)?
-29
Let g(m) = 9*m**2 - 32*m + 6. Determine g(4).
22
Let t(k) = k**3 - 25*k**2 + 75*k - 194. Determine t(22).
4
Let h(n) = -n**2 - 5*n + 10. What is h(2)?
-4
Let y(k) = k**2 + 6*k + 2. What is y(-4)?
-6
Let u(s) = -18*s**3 - s**2 + s. Determine u(-1).
16
Let b(h) = h**3 - 4*h**2 + 15*h - 58. Determine b(6).
104
Let t(i) = -i**2 + i - 1. What is t(5)?
-21
Let s(a) = -5*a - 6. Determine s(-6).
24
Let i(u) = 11*u - 91. Calculate i(9).
8
Let c(p) = -6*p - 4. Calculate c(1).
-10
Let k(a) = a**2 - 24*a. Calculate k(19).
-95
Let r(c) = 12*c + 62. What is r(-5)?
2
Let v(i) = i**2 - 13*i - 11. Give v(6).
-53
Let i(m) = -60*m - 397. What is i(-7)?
23
Let s(b) = -b**2 - 2*b + 40. Give s(-7).
5
Let k(b) = b**3 - 5*b**2 - 4*b + 6. Give k(5).
-14
Let p(s) = -34*s + 9. Calculate p(3).
-93
Let l(o) = -o + 5. Calculate l(5).
0
Let i(y) = -5*y**2 + 74*y + 17. Give i(15).
2
Let h(v) = v**3 - 12*v**2 - 2*v + 18. Give h(12).
-6
Let p(f) = f**2 + 23*f + 3. Calculate p(-20).
-57
Let g(l) = -l**2 - 11*l - 6. Give g(-13).
-32
Let p(o) = o**3 + 6*o**2 - o + 11. Give p(-7).
-31
Let a(j) = j**2 + 15*j + 11. Calculate a(-14).
-3
Let c(n) = n**2 - 6*n + 3. Determine c(6).
3
Let a(c) = -c**2 - 6*c + 835. Determine a(-32).
3
Let s(o) = 4*o - 6. What is s(3)?
6
Let q(k) = -k**2 - 14*k - 77. Determine q(-13).
-64
Let q(v) = 2*v**2 + 13*v - 2. Calculate q(-7).
5
Let f(h) = 2*h**3 - 79*h**2 + 37*h + 32. Give f(39).
-46
Let f(x) = -x**3 - 8*x**2 - 7*x - 1. What is f(-4)?
-37
Let d(f) = 3*f + 77. Give d(-25).
2
Let o(h) = -h - 1. Calculate o(-3).
2
Let z(l) = -2*l**3 - 7*l**2 + 7*l - 1. Give z(2).
-31
Let y(g) = g**3 - 2*g**2 - 3*g - 2. What is y(-1)?
-2
Let q(o) = o**2 + 8*o - 179. What is q(-18)?
1
Let x(z) = -6*z + 5. Give x(7).
-37
Let f(q) = -q**2 + 6*q - 13. What is f(5)?
-8
Let y(t) = -23*t + 199. Give y(7).
38
Let r(u) = 13*u - 23. Determine r(4).
29
Let w(l) = l**3 - 7*l**2 + 3*l + 15. What is w(6)?
-3
Let h(q) = -q**3 - 8*q**2 + 4*q - 55. Give h(-9).
-10
Let t(k) = -k**3 + 4*k**2 + 12. Calculate t(5).
-13
Let i(n) = 5*n**2 - 5*n - 3. Calculate i(-1).
7
Let w(s) = s**3 + s + 25. What is w(0)?
25
Let q(i) = i**3 - 6*i**2 + 6*i + 1. Calculate q(5).
6
Let j(t) = -3*t + 4. What is j(-6)?
22
Let w(a) = -a**2 - 23*a + 31. What is w(-25)?
-19
Let b(a) = -2*a**2 + 10*a - 14. What is b(6)?
-26
Let m(t) = -t**3 + 49*t**2 - 85*t - 425. Give m(47).
-2
Let j(v) = v**3 + 4*v**2 - 2*v + 7. What is j(-5)?
-8
Let a(d) = d**2 - 48*d + 241. Give a(6).
-11
Let c(m) = -m**3 - m**2 - m + 5. What is c(-4)?
57
Let c(d) = -d**3 - 9*d**2 + 3*d + 8. Calculate c(-9).
-19
Let t(q) = 269*q - 1342. What is t(5)?
3
Let d(w) = -w**3 + 2*w**2 - 16*w + 30. Calculate d(2).
-2
Let h(q) = 4*q**2 - 8*q + 6. Determine h(2).
6
Let s(x) = x - 20. What is s(6)?
-14
Let g(o) = -8*o - 12. Give g(11).
-100
Let m(n) = -3*n**3 + 93*n**2 + 8. Determine m(31).
8
Let l(g) = -19*g**2 + g + 2. Give l(-1).
-18
Let u(r) = -r**3 - 20*r**2 + r + 22. Determine u(-20).
2
Let h(v) = -71*v**2. Determine h(1).
-71
Let r(d) = d - 1. Give r(0).
-1
Let v(l) = -6*l + 5. What is v(6)?
-31
Let z(l) = l**2 - 2*l - 9. What is z(7)?
26
Let s(